{"id":7702,"date":"2025-05-21T01:57:26","date_gmt":"2025-05-20T23:57:26","guid":{"rendered":"https:\/\/pro-newsletter.cloud.intranet.one.be\/?page_id=7702"},"modified":"2025-05-24T20:32:56","modified_gmt":"2025-05-24T18:32:56","slug":"navigation-et-fonctionnalites-generales","status":"publish","type":"page","link":"https:\/\/pro.one.be\/news\/?page_id=7702","title":{"rendered":"Navigation et fonctionnalit\u00e9s g\u00e9n\u00e9rales"},"content":{"rendered":"\t\t<div data-elementor-type=\"wp-page\" data-elementor-id=\"7702\" class=\"elementor elementor-7702\">\n\t\t\t\t\t\t<section class=\"elementor-section elementor-top-section elementor-element elementor-element-bb51c43 elementor-section-boxed elementor-section-height-default elementor-section-height-default\" data-id=\"bb51c43\" data-element_type=\"section\" data-settings=\"{&quot;jet_parallax_layout_list&quot;:[]}\">\n\t\t\t\t\t\t<div class=\"elementor-container elementor-column-gap-default\">\n\t\t\t\t\t<div class=\"elementor-column elementor-col-100 elementor-top-column elementor-element elementor-element-f6ed99d\" data-id=\"f6ed99d\" data-element_type=\"column\">\n\t\t\t<div class=\"elementor-widget-wrap elementor-element-populated\">\n\t\t\t\t\t\t<div class=\"elementor-element elementor-element-767c814 elementor-widget elementor-widget-button\" data-id=\"767c814\" data-element_type=\"widget\" data-widget_type=\"button.default\">\n\t\t\t\t<div class=\"elementor-widget-container\">\n\t\t\t\t\t\t\t\t\t<div class=\"elementor-button-wrapper\">\n\t\t\t\t\t<a class=\"elementor-button elementor-button-link elementor-size-sm\" href=\"https:\/\/pro.one.be\/news\/\">\n\t\t\t\t\t\t<span class=\"elementor-button-content-wrapper\">\n\t\t\t\t\t\t<span class=\"elementor-button-icon\">\n\t\t\t\t<i aria-hidden=\"true\" class=\"fas fa-arrow-left\"><\/i>\t\t\t<\/span>\n\t\t\t\t\t\t\t\t\t<span class=\"elementor-button-text\">Accueil<\/span>\n\t\t\t\t\t<\/span>\n\t\t\t\t\t<\/a>\n\t\t\t\t<\/div>\n\t\t\t\t\t\t\t\t<\/div>\n\t\t\t\t<\/div>\n\t\t\t\t\t<\/div>\n\t\t<\/div>\n\t\t\t\t\t<\/div>\n\t\t<\/section>\n\t\t\t\t<section class=\"elementor-section elementor-top-section elementor-element elementor-element-d0c1894 elementor-section-boxed elementor-section-height-default elementor-section-height-default\" data-id=\"d0c1894\" data-element_type=\"section\" data-settings=\"{&quot;jet_parallax_layout_list&quot;:[]}\">\n\t\t\t\t\t\t<div class=\"elementor-container elementor-column-gap-default\">\n\t\t\t\t\t<div class=\"elementor-column elementor-col-100 elementor-top-column elementor-element elementor-element-c4f84ee\" data-id=\"c4f84ee\" data-element_type=\"column\">\n\t\t\t<div class=\"elementor-widget-wrap elementor-element-populated\">\n\t\t\t\t\t\t<div class=\"elementor-element elementor-element-a3360ed elementor-widget elementor-widget-heading\" data-id=\"a3360ed\" data-element_type=\"widget\" data-widget_type=\"heading.default\">\n\t\t\t\t<div class=\"elementor-widget-container\">\n\t\t\t\t\t<h2 class=\"elementor-heading-title elementor-size-default\">\ud83e\uddedNavigation et fonctionnalit\u00e9s g\u00e9n\u00e9rales<\/h2>\t\t\t\t<\/div>\n\t\t\t\t<\/div>\n\t\t\t\t\t<\/div>\n\t\t<\/div>\n\t\t\t\t\t<\/div>\n\t\t<\/section>\n\t\t\t\t<section class=\"elementor-section elementor-top-section elementor-element elementor-element-1d01dba elementor-section-boxed elementor-section-height-default elementor-section-height-default\" data-id=\"1d01dba\" data-element_type=\"section\" data-settings=\"{&quot;jet_parallax_layout_list&quot;:[]}\">\n\t\t\t\t\t\t<div class=\"elementor-container elementor-column-gap-default\">\n\t\t\t\t\t<div class=\"elementor-column elementor-col-100 elementor-top-column elementor-element elementor-element-9e5e130\" data-id=\"9e5e130\" data-element_type=\"column\">\n\t\t\t<div class=\"elementor-widget-wrap elementor-element-populated\">\n\t\t\t\t\t\t<div class=\"elementor-element elementor-element-2ba19a1 elementor-widget__width-initial elementor-widget elementor-widget-text-editor\" data-id=\"2ba19a1\" data-element_type=\"widget\" data-widget_type=\"text-editor.default\">\n\t\t\t\t<div class=\"elementor-widget-container\">\n\t\t\t\t\t\t\t\t\t<p>Pro.ONE propose une <strong data-start=\"2250\" data-end=\"2288\">interface riche en fonctionnalit\u00e9s<\/strong>.<br data-start=\"2289\" data-end=\"2292\" \/>Dans cette section, apprenez \u00e0 naviguer facilement : raccourcis, \u00e9crans d\u2019accueil, rubriques utiles\u2026 Prenez vos rep\u00e8res rapidement pour gagner du temps.<\/p>\t\t\t\t\t\t\t\t<\/div>\n\t\t\t\t<\/div>\n\t\t\t\t\t<\/div>\n\t\t<\/div>\n\t\t\t\t\t<\/div>\n\t\t<\/section>\n\t\t\t\t<section class=\"elementor-section elementor-top-section elementor-element elementor-element-558e434 elementor-section-boxed elementor-section-height-default elementor-section-height-default\" data-id=\"558e434\" data-element_type=\"section\" data-settings=\"{&quot;jet_parallax_layout_list&quot;:[]}\">\n\t\t\t\t\t\t<div class=\"elementor-container elementor-column-gap-default\">\n\t\t\t\t\t<div class=\"elementor-column elementor-col-100 elementor-top-column elementor-element elementor-element-66a7d7a\" data-id=\"66a7d7a\" data-element_type=\"column\">\n\t\t\t<div class=\"elementor-widget-wrap elementor-element-populated\">\n\t\t\t\t\t\t<div class=\"elementor-element elementor-element-7d1edf6 elementor-widget elementor-widget-heading\" data-id=\"7d1edf6\" data-element_type=\"widget\" data-widget_type=\"heading.default\">\n\t\t\t\t<div class=\"elementor-widget-container\">\n\t\t\t\t\t<h2 class=\"elementor-heading-title elementor-size-default\">Guides pratiques<\/h2>\t\t\t\t<\/div>\n\t\t\t\t<\/div>\n\t\t\t\t<div class=\"elementor-element elementor-element-d876b95 elementor-widget elementor-widget-text-editor\" data-id=\"d876b95\" data-element_type=\"widget\" data-widget_type=\"text-editor.default\">\n\t\t\t\t<div class=\"elementor-widget-container\">\n\t\t\t\t\t\t\t\t\t<p>\ud83d\udd27 Ce guide est actuellement en cours de cr\u00e9ation. Il sera bient\u00f4t disponible ici !<\/p>\t\t\t\t\t\t\t\t<\/div>\n\t\t\t\t<\/div>\n\t\t\t\t\t<\/div>\n\t\t<\/div>\n\t\t\t\t\t<\/div>\n\t\t<\/section>\n\t\t\t\t<section class=\"elementor-section elementor-top-section elementor-element elementor-element-8c99b15 elementor-section-boxed elementor-section-height-default elementor-section-height-default\" data-id=\"8c99b15\" data-element_type=\"section\" data-settings=\"{&quot;jet_parallax_layout_list&quot;:[]}\">\n\t\t\t\t\t\t<div class=\"elementor-container elementor-column-gap-default\">\n\t\t\t\t\t<div class=\"elementor-column elementor-col-100 elementor-top-column elementor-element elementor-element-944c93c\" data-id=\"944c93c\" data-element_type=\"column\">\n\t\t\t<div class=\"elementor-widget-wrap elementor-element-populated\">\n\t\t\t\t\t\t<div class=\"elementor-element elementor-element-cef7c9a elementor-widget elementor-widget-heading\" data-id=\"cef7c9a\" data-element_type=\"widget\" data-widget_type=\"heading.default\">\n\t\t\t\t<div class=\"elementor-widget-container\">\n\t\t\t\t\t<h2 class=\"elementor-heading-title elementor-size-default\">Articles<\/h2>\t\t\t\t<\/div>\n\t\t\t\t<\/div>\n\t\t\t\t<div class=\"elementor-element elementor-element-0716f8b elementor-widget elementor-widget-text-editor\" data-id=\"0716f8b\" data-element_type=\"widget\" data-widget_type=\"text-editor.default\">\n\t\t\t\t<div class=\"elementor-widget-container\">\n\t\t\t\t\t\t\t\t\t<p>\ud83d\udca1 En attendant, d\u00e9couvrez les articles d\u00e9j\u00e0 publi\u00e9s sur cette th\u00e9matique.<\/p>\t\t\t\t\t\t\t\t<\/div>\n\t\t\t\t<\/div>\n\t\t\t\t\t<\/div>\n\t\t<\/div>\n\t\t\t\t\t<\/div>\n\t\t<\/section>\n\t\t\t\t<section class=\"elementor-section elementor-top-section elementor-element elementor-element-26ef726 elementor-section-boxed elementor-section-height-default elementor-section-height-default\" data-id=\"26ef726\" data-element_type=\"section\" data-settings=\"{&quot;jet_parallax_layout_list&quot;:[]}\">\n\t\t\t\t\t\t<div class=\"elementor-container elementor-column-gap-default\">\n\t\t\t\t\t<div class=\"elementor-column elementor-col-100 elementor-top-column elementor-element elementor-element-b4433f6\" data-id=\"b4433f6\" data-element_type=\"column\">\n\t\t\t<div class=\"elementor-widget-wrap elementor-element-populated\">\n\t\t\t\t\t\t<div class=\"elementor-element elementor-element-e42b5da raven-button-align-center elementor-widget elementor-widget-raven-posts\" data-id=\"e42b5da\" data-element_type=\"widget\" data-settings=\"{&quot;classic_show_pagination&quot;:&quot;yes&quot;,&quot;classic_pagination_type&quot;:&quot;load_more&quot;,&quot;_skin&quot;:&quot;classic&quot;,&quot;classic_layout&quot;:&quot;grid&quot;,&quot;classic_columns&quot;:&quot;3&quot;,&quot;classic_columns_tablet&quot;:&quot;2&quot;,&quot;classic_columns_mobile&quot;:&quot;1&quot;,&quot;query_posts_per_page&quot;:6,&quot;query_offset&quot;:0}\" data-widget_type=\"raven-posts.classic\">\n\t\t\t\t<div class=\"elementor-widget-container\">\n\t\t\t\t\t\t\t<div class=\"raven-posts raven-grid raven-grid-3 raven-grid-mobile-1 raven-grid-tablet-2\" data-post-id=\"7702\" data-archive-query=\"\" data-lang=\"\">\r\n\t\t\t\t<div class=\"raven-grid-item raven-post-item post-4986 post type-post status-publish format-standard hentry category-creches-sae\">\r\n\t\t\t<div class=\"raven-post elementor-animation-grow\">\r\n\t\t\t\t\t\t\t\t<div class=\"raven-post-content\">\r\n\t\t\t\t\t\t\t<div class=\"raven-post-meta\"><a class=\"raven-post-meta-item raven-post-date\" href=\"https:\/\/pro.one.be\/news\/?m=202404\" rel=\"bookmark\">avril 2024<\/a>\n<span class=\"raven-post-meta-item raven-post-categories\"><a href=\"https:\/\/pro.one.be\/news\/?cat=1\" rel=\"tag\">Cr\u00e8ches &amp; SAE<\/a><\/span><\/div>\r\n\t\t<h3 class=\"raven-post-title\"><a class=\"raven-post-title-link\" href=\"https:\/\/pro.one.be\/news\/?p=4986\">Le calculateur PFP : Nouvelle fonctionnalit\u00e9 disponible sur PRO.ONE<\/a><\/h3><div class=\"raven-post-excerpt\">Bonne nouvelle ! Une nouvelle fonctionnalit\u00e9 est disponible sur le portail: celle-ci vous permet de calculer la participation financi\u00e8re des parents (PFP) directement sur\u00a0PRO.ONE.\u00a0 Le calcul du tarif PFP est<\/div>\t\t<div class=\"raven-post-read-more\">\r\n\t\t\t<a class=\"raven-post-button\" href=\"https:\/\/pro.one.be\/news\/?p=4986\"><span class=\"raven-post-button-text\">En savoir +<\/span><\/a>\r\n\t\t<\/div>\r\n\t\t\t\t\t\t<\/div>\r\n\t\t\t<\/div>\r\n\t\t<\/div>\r\n\t\t\t\t<div class=\"raven-grid-item raven-post-item post-4322 post type-post status-publish format-standard hentry category-creches-sae\">\r\n\t\t\t<div class=\"raven-post elementor-animation-grow\">\r\n\t\t\t\t\t\t\t\t<div class=\"raven-post-content\">\r\n\t\t\t\t\t\t\t<div class=\"raven-post-meta\"><a class=\"raven-post-meta-item raven-post-date\" href=\"https:\/\/pro.one.be\/news\/?m=202403\" rel=\"bookmark\">mars 2024<\/a>\n<span class=\"raven-post-meta-item raven-post-categories\"><a href=\"https:\/\/pro.one.be\/news\/?cat=1\" rel=\"tag\">Cr\u00e8ches &amp; SAE<\/a><\/span><\/div>\r\n\t\t<h3 class=\"raven-post-title\"><a class=\"raven-post-title-link\" href=\"https:\/\/pro.one.be\/news\/?p=4322\">Probl\u00e8me d&rsquo;acc\u00e8s aux fonctionnalit\u00e9s APE sur PRO.ONE ? Voici comment y rem\u00e9dier !<\/a><\/h3><div class=\"raven-post-excerpt\">Depuis plus d\u2019un an, l\u2019acc\u00e8s aux fonctionnalit\u00e9s accueil petite enfance (APE) sur PRO.ONE requiert une connexion dite \u00ab\u202fforte\u202f\u00bb. Si vous rencontrez des probl\u00e8mes d\u2019acc\u00e8s \u00e0 ces fonctionnalit\u00e9s, il est tr\u00e8s<\/div>\t\t<div class=\"raven-post-read-more\">\r\n\t\t\t<a class=\"raven-post-button\" href=\"https:\/\/pro.one.be\/news\/?p=4322\"><span class=\"raven-post-button-text\">En savoir +<\/span><\/a>\r\n\t\t<\/div>\r\n\t\t\t\t\t\t<\/div>\r\n\t\t\t<\/div>\r\n\t\t<\/div>\r\n\t\t\t\t<\/div>\r\n\t\t\t\t\t\t<\/div>\n\t\t\t\t<\/div>\n\t\t\t\t\t<\/div>\n\t\t<\/div>\n\t\t\t\t\t<\/div>\n\t\t<\/section>\n\t\t\t\t<section class=\"elementor-section elementor-top-section elementor-element elementor-element-5f913dc elementor-section-boxed elementor-section-height-default elementor-section-height-default\" data-id=\"5f913dc\" data-element_type=\"section\" data-settings=\"{&quot;jet_parallax_layout_list&quot;:[]}\">\n\t\t\t\t\t\t<div class=\"elementor-container elementor-column-gap-default\">\n\t\t\t\t\t<div class=\"elementor-column elementor-col-50 elementor-top-column elementor-element elementor-element-713f86a\" data-id=\"713f86a\" data-element_type=\"column\">\n\t\t\t<div class=\"elementor-widget-wrap\">\n\t\t\t\t\t\t\t<\/div>\n\t\t<\/div>\n\t\t\t\t<div class=\"elementor-column elementor-col-50 elementor-top-column elementor-element elementor-element-3e9964b\" data-id=\"3e9964b\" data-element_type=\"column\">\n\t\t\t<div class=\"elementor-widget-wrap\">\n\t\t\t\t\t\t\t<\/div>\n\t\t<\/div>\n\t\t\t\t\t<\/div>\n\t\t<\/section>\n\t\t\t\t<\/div>\n\t\t","protected":false},"excerpt":{"rendered":"<p>Accueil \ud83e\uddedNavigation et fonctionnalit\u00e9s g\u00e9n\u00e9rales Pro.ONE propose une interface riche en fonctionnalit\u00e9s.Dans cette section, apprenez \u00e0 naviguer facilement : raccourcis, \u00e9crans d\u2019accueil, rubriques utiles\u2026 Prenez vos rep\u00e8res rapidement pour gagner du temps. Guides pratiques \ud83d\udd27 Ce guide est actuellement en cours de cr\u00e9ation. Il sera bient\u00f4t disponible ici ! Articles \ud83d\udca1 En attendant, d\u00e9couvrez les [&hellip;]<\/p>\n","protected":false},"author":2,"featured_media":0,"parent":0,"menu_order":0,"comment_status":"closed","ping_status":"closed","template":"elementor_header_footer","meta":{"_acf_changed":false,"footnotes":""},"class_list":["post-7702","page","type-page","status-publish","hentry"],"acf":[],"yoast_head":"<!-- This site is optimized with the Yoast SEO plugin v25.1 - https:\/\/yoast.com\/wordpress\/plugins\/seo\/ -->\n<title>Navigation et fonctionnalit\u00e9s g\u00e9n\u00e9rales - PRO.DIG.E<\/title>\n<meta name=\"robots\" content=\"index, follow, max-snippet:-1, max-image-preview:large, max-video-preview:-1\" \/>\n<link rel=\"canonical\" href=\"https:\/\/pro.one.be\/news\/?page_id=7702\" \/>\n<meta property=\"og:locale\" content=\"fr_FR\" \/>\n<meta property=\"og:type\" content=\"article\" \/>\n<meta property=\"og:title\" content=\"Navigation et fonctionnalit\u00e9s g\u00e9n\u00e9rales - PRO.DIG.E\" \/>\n<meta property=\"og:description\" content=\"Accueil \ud83e\uddedNavigation et fonctionnalit\u00e9s g\u00e9n\u00e9rales Pro.ONE propose une interface riche en fonctionnalit\u00e9s.Dans cette section, apprenez \u00e0 naviguer facilement : raccourcis, \u00e9crans d\u2019accueil, rubriques utiles\u2026 Prenez vos rep\u00e8res rapidement pour gagner du temps. Guides pratiques \ud83d\udd27 Ce guide est actuellement en cours de cr\u00e9ation. Il sera bient\u00f4t disponible ici ! Articles \ud83d\udca1 En attendant, d\u00e9couvrez les [&hellip;]\" \/>\n<meta property=\"og:url\" content=\"https:\/\/pro.one.be\/news\/?page_id=7702\" \/>\n<meta property=\"og:site_name\" content=\"PRO.DIG.E\" \/>\n<meta property=\"article:modified_time\" content=\"2025-05-24T18:32:56+00:00\" \/>\n<meta name=\"twitter:card\" content=\"summary_large_image\" \/>\n<meta name=\"twitter:label1\" content=\"Dur\u00e9e de lecture estim\u00e9e\" \/>\n\t<meta name=\"twitter:data1\" content=\"1 minute\" \/>\n<script type=\"application\/ld+json\" class=\"yoast-schema-graph\">{\"@context\":\"https:\/\/schema.org\",\"@graph\":[{\"@type\":\"WebPage\",\"@id\":\"https:\/\/pro.one.be\/news\/?page_id=7702\",\"url\":\"https:\/\/pro.one.be\/news\/?page_id=7702\",\"name\":\"Navigation et fonctionnalit\u00e9s g\u00e9n\u00e9rales - PRO.DIG.E\",\"isPartOf\":{\"@id\":\"https:\/\/pro.one.be\/news\/#website\"},\"datePublished\":\"2025-05-20T23:57:26+00:00\",\"dateModified\":\"2025-05-24T18:32:56+00:00\",\"breadcrumb\":{\"@id\":\"https:\/\/pro.one.be\/news\/?page_id=7702#breadcrumb\"},\"inLanguage\":\"fr-FR\",\"potentialAction\":[{\"@type\":\"ReadAction\",\"target\":[\"https:\/\/pro.one.be\/news\/?page_id=7702\"]}]},{\"@type\":\"BreadcrumbList\",\"@id\":\"https:\/\/pro.one.be\/news\/?page_id=7702#breadcrumb\",\"itemListElement\":[{\"@type\":\"ListItem\",\"position\":1,\"name\":\"Accueil\",\"item\":\"https:\/\/pro.one.be\/news\/\"},{\"@type\":\"ListItem\",\"position\":2,\"name\":\"Navigation et fonctionnalit\u00e9s g\u00e9n\u00e9rales\"}]},{\"@type\":\"WebSite\",\"@id\":\"https:\/\/pro.one.be\/news\/#website\",\"url\":\"https:\/\/pro.one.be\/news\/\",\"name\":\"PRO.DIG.E\",\"description\":\"De DIGIPRO\",\"publisher\":{\"@id\":\"https:\/\/pro.one.be\/news\/#organization\"},\"potentialAction\":[{\"@type\":\"SearchAction\",\"target\":{\"@type\":\"EntryPoint\",\"urlTemplate\":\"https:\/\/pro.one.be\/news\/?s={search_term_string}\"},\"query-input\":{\"@type\":\"PropertyValueSpecification\",\"valueRequired\":true,\"valueName\":\"search_term_string\"}}],\"inLanguage\":\"fr-FR\"},{\"@type\":\"Organization\",\"@id\":\"https:\/\/pro.one.be\/news\/#organization\",\"name\":\"PRO.DIG.E\",\"url\":\"https:\/\/pro.one.be\/news\/\",\"logo\":{\"@type\":\"ImageObject\",\"inLanguage\":\"fr-FR\",\"@id\":\"https:\/\/pro.one.be\/news\/#\/schema\/logo\/image\/\",\"url\":\"https:\/\/pro.one.be\/news\/wp-content\/uploads\/2022\/09\/ONE_haut.svg\",\"contentUrl\":\"https:\/\/pro.one.be\/news\/wp-content\/uploads\/2022\/09\/ONE_haut.svg\",\"width\":276.52,\"height\":167.58,\"caption\":\"PRO.DIG.E\"},\"image\":{\"@id\":\"https:\/\/pro.one.be\/news\/#\/schema\/logo\/image\/\"}}]}<\/script>\n<!-- \/ Yoast SEO plugin. -->","yoast_head_json":{"title":"Navigation et fonctionnalit\u00e9s g\u00e9n\u00e9rales - PRO.DIG.E","robots":{"index":"index","follow":"follow","max-snippet":"max-snippet:-1","max-image-preview":"max-image-preview:large","max-video-preview":"max-video-preview:-1"},"canonical":"https:\/\/pro.one.be\/news\/?page_id=7702","og_locale":"fr_FR","og_type":"article","og_title":"Navigation et fonctionnalit\u00e9s g\u00e9n\u00e9rales - PRO.DIG.E","og_description":"Accueil \ud83e\uddedNavigation et fonctionnalit\u00e9s g\u00e9n\u00e9rales Pro.ONE propose une interface riche en fonctionnalit\u00e9s.Dans cette section, apprenez \u00e0 naviguer facilement : raccourcis, \u00e9crans d\u2019accueil, rubriques utiles\u2026 Prenez vos rep\u00e8res rapidement pour gagner du temps. Guides pratiques \ud83d\udd27 Ce guide est actuellement en cours de cr\u00e9ation. Il sera bient\u00f4t disponible ici ! Articles \ud83d\udca1 En attendant, d\u00e9couvrez les [&hellip;]","og_url":"https:\/\/pro.one.be\/news\/?page_id=7702","og_site_name":"PRO.DIG.E","article_modified_time":"2025-05-24T18:32:56+00:00","twitter_card":"summary_large_image","twitter_misc":{"Dur\u00e9e de lecture estim\u00e9e":"1 minute"},"schema":{"@context":"https:\/\/schema.org","@graph":[{"@type":"WebPage","@id":"https:\/\/pro.one.be\/news\/?page_id=7702","url":"https:\/\/pro.one.be\/news\/?page_id=7702","name":"Navigation et fonctionnalit\u00e9s g\u00e9n\u00e9rales - PRO.DIG.E","isPartOf":{"@id":"https:\/\/pro.one.be\/news\/#website"},"datePublished":"2025-05-20T23:57:26+00:00","dateModified":"2025-05-24T18:32:56+00:00","breadcrumb":{"@id":"https:\/\/pro.one.be\/news\/?page_id=7702#breadcrumb"},"inLanguage":"fr-FR","potentialAction":[{"@type":"ReadAction","target":["https:\/\/pro.one.be\/news\/?page_id=7702"]}]},{"@type":"BreadcrumbList","@id":"https:\/\/pro.one.be\/news\/?page_id=7702#breadcrumb","itemListElement":[{"@type":"ListItem","position":1,"name":"Accueil","item":"https:\/\/pro.one.be\/news\/"},{"@type":"ListItem","position":2,"name":"Navigation et fonctionnalit\u00e9s g\u00e9n\u00e9rales"}]},{"@type":"WebSite","@id":"https:\/\/pro.one.be\/news\/#website","url":"https:\/\/pro.one.be\/news\/","name":"PRO.DIG.E","description":"De DIGIPRO","publisher":{"@id":"https:\/\/pro.one.be\/news\/#organization"},"potentialAction":[{"@type":"SearchAction","target":{"@type":"EntryPoint","urlTemplate":"https:\/\/pro.one.be\/news\/?s={search_term_string}"},"query-input":{"@type":"PropertyValueSpecification","valueRequired":true,"valueName":"search_term_string"}}],"inLanguage":"fr-FR"},{"@type":"Organization","@id":"https:\/\/pro.one.be\/news\/#organization","name":"PRO.DIG.E","url":"https:\/\/pro.one.be\/news\/","logo":{"@type":"ImageObject","inLanguage":"fr-FR","@id":"https:\/\/pro.one.be\/news\/#\/schema\/logo\/image\/","url":"https:\/\/pro.one.be\/news\/wp-content\/uploads\/2022\/09\/ONE_haut.svg","contentUrl":"https:\/\/pro.one.be\/news\/wp-content\/uploads\/2022\/09\/ONE_haut.svg","width":276.52,"height":167.58,"caption":"PRO.DIG.E"},"image":{"@id":"https:\/\/pro.one.be\/news\/#\/schema\/logo\/image\/"}}]}},"_links":{"self":[{"href":"https:\/\/pro.one.be\/news\/index.php?rest_route=\/wp\/v2\/pages\/7702","targetHints":{"allow":["GET"]}}],"collection":[{"href":"https:\/\/pro.one.be\/news\/index.php?rest_route=\/wp\/v2\/pages"}],"about":[{"href":"https:\/\/pro.one.be\/news\/index.php?rest_route=\/wp\/v2\/types\/page"}],"author":[{"embeddable":true,"href":"https:\/\/pro.one.be\/news\/index.php?rest_route=\/wp\/v2\/users\/2"}],"replies":[{"embeddable":true,"href":"https:\/\/pro.one.be\/news\/index.php?rest_route=%2Fwp%2Fv2%2Fcomments&post=7702"}],"version-history":[{"count":19,"href":"https:\/\/pro.one.be\/news\/index.php?rest_route=\/wp\/v2\/pages\/7702\/revisions"}],"predecessor-version":[{"id":8097,"href":"https:\/\/pro.one.be\/news\/index.php?rest_route=\/wp\/v2\/pages\/7702\/revisions\/8097"}],"wp:attachment":[{"href":"https:\/\/pro.one.be\/news\/index.php?rest_route=%2Fwp%2Fv2%2Fmedia&parent=7702"}],"curies":[{"name":"wp","href":"https:\/\/api.w.org\/{rel}","templated":true}]}}